{"id":1508,"date":"2021-04-14T15:03:45","date_gmt":"2021-04-14T13:03:45","guid":{"rendered":"http:\/\/www.eylienkoenig.com\/?page_id=1508"},"modified":"2021-04-16T14:53:54","modified_gmt":"2021-04-16T12:53:54","slug":"kontakt","status":"publish","type":"page","link":"https:\/\/www.eylienkoenig.com\/?page_id=1508","title":{"rendered":"KONTAKT"},"content":{"rendered":"\n<p>eylienkoenig(at)gmx.de<\/p>\n\n\n\n<figure class=\"wp-block-image size-large\"><img decoding=\"async\" loading=\"lazy\" width=\"1024\" height=\"681\" src=\"http:\/\/www.eylienkoenig.com\/wp-content\/uploads\/2017\/01\/J\u00e4gersitz-R\u00fccken-3--1024x681.jpg\" alt=\"\" class=\"wp-image-776\" srcset=\"https:\/\/www.eylienkoenig.com\/wp-content\/uploads\/2017\/01\/J\u00e4gersitz-R\u00fccken-3--1024x681.jpg 1024w, https:\/\/www.eylienkoenig.com\/wp-content\/uploads\/2017\/01\/J\u00e4gersitz-R\u00fccken-3--300x199.jpg 300w, https:\/\/www.eylienkoenig.com\/wp-content\/uploads\/2017\/01\/J\u00e4gersitz-R\u00fccken-3--768x511.jpg 768w\" sizes=\"(max-width: 1024px) 100vw, 1024px\" \/><\/figure>\n\n\n\n<p>\u00a9 Copyright Eylien K\u00f6nig 2017<\/p>\n\n\n\n<p>Eylien K\u00f6nig; Bulerdeich 7 ; 20537 Hamburg<\/p>\n\n\n\n<p>Betreiber der Seite: Eylien K\u00f6nig (<a href=\"javascript:DeCryptX('3h3|1m3l0e3q3n0o0e0n1j2i1A0g1n0x1\/1e2g')\"><img src=\"\" class=\"cryptxImage cryptxImage_0\" alt=\" title=\"\" \/><\/a>) \/ Inhaltlich Verantwortlicher gem\u00e4\u00df \u00a7 10 Absatz 3 MDStV: Eylien K\u00f6nig \/ Haftungshinweis: Trotz sorgf\u00e4ltiger inhaltlicher Kontrolle \u00fcbernehme ich keine Haftung f\u00fcr die Inhalte externer Links. F\u00fcr den Inhalt der verlinkten Seiten sind ausschlie\u00dflich deren Betreiber verantwortlich \/ Urheberrecht: Alle Inhalte sind gesetzlich gesch\u00fctzt. Jede Vervielf\u00e4ltigung, Verbreitung, Speicherung, \u00dcbermittlung, Sendung und Wieder- bzw. Weitergabe der Inhalte ohne schriftliche Genehmigung ist ausdr\u00fccklich untersagt.<\/p>\n\n\n\n<p><a href=\"https:\/\/www.eylienkoenig.com\/?page_id=1524\" data-type=\"URL\" data-id=\"https:\/\/www.eylienkoenig.com\/?page_id=1524\" target=\"_blank\" rel=\"noreferrer noopener\">IMPRESSUM<\/a><\/p>\n","protected":false},"excerpt":{"rendered":"<p>eylienkoenig(at)gmx.de \u00a9 Copyright Eylien K\u00f6nig 2017 Eylien K\u00f6nig; Bulerdeich 7 ; 20537 Hamburg Betreiber der Seite: Eylien K\u00f6nig (<\/p>\n","protected":false},"author":1,"featured_media":0,"parent":0,"menu_order":0,"comment_status":"closed","ping_status":"closed","template":"","meta":[],"_links":{"self":[{"href":"https:\/\/www.eylienkoenig.com\/index.php?rest_route=\/wp\/v2\/pages\/1508"}],"collection":[{"href":"https:\/\/www.eylienkoenig.com\/index.php?rest_route=\/wp\/v2\/pages"}],"about":[{"href":"https:\/\/www.eylienkoenig.com\/index.php?rest_route=\/wp\/v2\/types\/page"}],"author":[{"embeddable":true,"href":"https:\/\/www.eylienkoenig.com\/index.php?rest_route=\/wp\/v2\/users\/1"}],"replies":[{"embeddable":true,"href":"https:\/\/www.eylienkoenig.com\/index.php?rest_route=%2Fwp%2Fv2%2Fcomments&post=1508"}],"version-history":[{"count":7,"href":"https:\/\/www.eylienkoenig.com\/index.php?rest_route=\/wp\/v2\/pages\/1508\/revisions"}],"predecessor-version":[{"id":1529,"href":"https:\/\/www.eylienkoenig.com\/index.php?rest_route=\/wp\/v2\/pages\/1508\/revisions\/1529"}],"wp:attachment":[{"href":"https:\/\/www.eylienkoenig.com\/index.php?rest_route=%2Fwp%2Fv2%2Fmedia&parent=1508"}],"curies":[{"name":"wp","href":"https:\/\/api.w.org\/{rel}","templated":true}]}}