{"id":93,"date":"2016-11-05T15:08:33","date_gmt":"2016-11-05T14:08:33","guid":{"rendered":"http:\/\/www.eylienkoenig.com\/?page_id=93"},"modified":"2021-04-16T14:56:08","modified_gmt":"2021-04-16T12:56:08","slug":"vita","status":"publish","type":"page","link":"https:\/\/www.eylienkoenig.com\/?page_id=93","title":{"rendered":"VITA"},"content":{"rendered":"\n<figure class=\"wp-block-image is-resized\"><img decoding=\"async\" loading=\"lazy\" src=\"https:\/\/www.eylienkoenig.com\/wp-content\/uploads\/2021\/04\/E.Koenig_Foto-Privat-788x1024.jpg\" alt=\"\" class=\"wp-image-1515\" width=\"211\" height=\"273\" srcset=\"https:\/\/www.eylienkoenig.com\/wp-content\/uploads\/2021\/04\/E.Koenig_Foto-Privat-788x1024.jpg 788w, https:\/\/www.eylienkoenig.com\/wp-content\/uploads\/2021\/04\/E.Koenig_Foto-Privat-231x300.jpg 231w, https:\/\/www.eylienkoenig.com\/wp-content\/uploads\/2021\/04\/E.Koenig_Foto-Privat-768x998.jpg 768w, https:\/\/www.eylienkoenig.com\/wp-content\/uploads\/2021\/04\/E.Koenig_Foto-Privat.jpg 1000w\" sizes=\"(max-width: 211px) 100vw, 211px\" \/><\/figure>\n\n\n<p><style type=\"text\/css\">\n\t<!-- @page { margin: 2cm } --><br \/>\t<\/style><\/p>\n<p><span style=\"font-family: Calibri Light, sans-serif;\"><span style=\"font-size: medium;\">Eylien K\u00f6nig <\/span><\/span><span style=\"font-family: Calibri Light, sans-serif;\"><span style=\"font-size: medium;\">lebt und arbeitet in Hamburg. <\/span><\/span><span style=\"font-family: Calibri Light, sans-serif;\"><span style=\"font-size: medium;\">Bis 2013 studierte sie B\u00fchnenraum bei Prof. Raimund Bauer an der Hochschule f\u00fcr bildende K\u00fcnste in Hamburg sowie 2010 an der University of Arts in London. Bereits w\u00e4hrend ihres Studiums assistierte sie dem B\u00fchnenbildner Wilfried Minks, von 2013 bis 2017 war sie festes, k\u00fcnstlerische Mitarbeiterin seines Teams. 2012 erhielt Eylien K\u00f6nig das Abschlussstipendium der Karl H. Ditze Stiftung und eine Einladung zum Workshop des zeitgen\u00f6ssisch, dokumentarischen Theaters am Sakharov-Center und am Beuys-Theater in Moskau. <\/span><\/span><\/p>\n<p align=\"JUSTIFY\"><span style=\"font-family: Calibri Light, sans-serif;\"><span style=\"font-size: medium;\">Als freischaffende B\u00fchnenbildnerin realisierte sie B\u00fchnenr\u00e4ume unter anderem am Burgtheater Wien, Staatstheater Mainz, in Heidelberg und L\u00fcbeck, am Maxim Gorki und Thalia Theater. In kontinuierlicher Zusammenarbeit mit Kommando Himmelfahrt entstanden B\u00fchnenbilder und Installationen auf Kampnagel und am Nationaltheater Mannheim. 2019 war sie Stipendiatin, des Internationales Forum am Theatertreffen Berlin.\u00a0<\/span><\/span><\/p>\n<p align=\"JUSTIFY\"><span style=\"font-family: Calibri Light, sans-serif;\"><span style=\"font-size: medium;\">Dar\u00fcber hinaus war Eylien K\u00f6nig 2012\/2013 an der Biennale Regard Benin Westafrika und der 11. Sharjah Biennale mit dem Langzeitprojekt <\/span><\/span><em class=\"western\"><span style=\"font-family: Calibri Light, sans-serif;\"><span style=\"font-size: medium;\">&lt;enframing home&gt;<\/span><\/span><\/em><span style=\"font-family: Calibri Light, sans-serif;\"><span style=\"font-size: medium;\"> von YOVO!YOVO! &#8211; sowie der 5. Marrakech Biennale 2014 mit der Performance <\/span><\/span><em class=\"western\"><span style=\"font-family: Calibri Light, sans-serif;\"><span style=\"font-size: medium;\">CGI &#8211; The Coffee Grounds Index<\/span><\/span><\/em><span style=\"font-family: Calibri Light, sans-serif;\"><span style=\"font-size: medium;\"> beteiligt. <\/span><\/span><\/p>\n<p align=\"JUSTIFY\"><span style=\"font-family: Calibri Light, sans-serif;\"><span style=\"font-size: medium;\">2015 zeichnete sie als Mitbegr\u00fcnderin von POOL f\u00fcr die Konzeption eines tempor\u00e4ren Ausstellungsraums verantwortlich. 2017 realisierte sie in Hamburg <\/span><\/span><em class=\"western\"><span style=\"font-family: Calibri Light, sans-serif;\"><span style=\"font-size: medium;\">XO\u2018DO-ALL\u00d4KAN-N\u00d9 \u2013<\/span><\/span><\/em><em class=\"western\"><span style=\"font-family: Calibri Light, sans-serif;\"><span style=\"font-size: medium;\"> Das Wort am Ende des H\u00f6rers<\/span><\/span><\/em><span style=\"font-family: Calibri Light, sans-serif;\"><span style=\"font-size: medium;\">,<\/span><\/span><span style=\"font-family: Calibri Light, sans-serif;\"><span style=\"font-size: medium;\"> ein Live-H\u00f6rspiel zwischen Benin und Deutschland \u00fcber das Geschichtenerz\u00e4hlen als kritische k\u00fcnstlerische Praxis.<\/span><\/span><\/p>\n<hr \/>\n<p>Kontakt:\u00a0 eylienkoenig(at)gmx.de<\/p>\n<hr \/>","protected":false},"excerpt":{"rendered":"<p>Eylien K\u00f6nig lebt und arbeitet in Hamburg. Bis 2013 studierte sie B\u00fchnenraum bei Prof. Raimund Bauer an der Hochschule f\u00fcr bildende K\u00fcnste in Hamburg sowie 2010 an der University of Arts in London. Bereits w\u00e4hrend ihres Studiums assistierte sie dem B\u00fchnenbildner Wilfried Minks, von 2013 bis 2017 war sie festes, k\u00fcnstlerische Mitarbeiterin seines Teams. 2012 &hellip; <a href=\"https:\/\/www.eylienkoenig.com\/?page_id=93\" class=\"more-link\"><span class=\"screen-reader-text\">VITA<\/span> weiterlesen<\/a><\/p>\n","protected":false},"author":1,"featured_media":0,"parent":0,"menu_order":0,"comment_status":"closed","ping_status":"closed","template":"","meta":[],"_links":{"self":[{"href":"https:\/\/www.eylienkoenig.com\/index.php?rest_route=\/wp\/v2\/pages\/93"}],"collection":[{"href":"https:\/\/www.eylienkoenig.com\/index.php?rest_route=\/wp\/v2\/pages"}],"about":[{"href":"https:\/\/www.eylienkoenig.com\/index.php?rest_route=\/wp\/v2\/types\/page"}],"author":[{"embeddable":true,"href":"https:\/\/www.eylienkoenig.com\/index.php?rest_route=\/wp\/v2\/users\/1"}],"replies":[{"embeddable":true,"href":"https:\/\/www.eylienkoenig.com\/index.php?rest_route=%2Fwp%2Fv2%2Fcomments&post=93"}],"version-history":[{"count":50,"href":"https:\/\/www.eylienkoenig.com\/index.php?rest_route=\/wp\/v2\/pages\/93\/revisions"}],"predecessor-version":[{"id":1530,"href":"https:\/\/www.eylienkoenig.com\/index.php?rest_route=\/wp\/v2\/pages\/93\/revisions\/1530"}],"wp:attachment":[{"href":"https:\/\/www.eylienkoenig.com\/index.php?rest_route=%2Fwp%2Fv2%2Fmedia&parent=93"}],"curies":[{"name":"wp","href":"https:\/\/api.w.org\/{rel}","templated":true}]}}

<figure class="wp-block-image is-resized"><img decoding="async" loading="lazy" src="https://www.eylienkoenig.com/wp-content/uploads/2021/04/E.Koenig_Foto-Privat-788x1024.jpg" alt="" class="wp-image-1515" width="211" height="273" srcset="https://www.eylienkoenig.com/wp-content/uploads/2021/04/E.Koenig_Foto-Privat-788x1024.jpg 788w, https://www.eylienkoenig.com/wp-content/uploads/2021/04/E.Koenig_Foto-Privat-231x300.jpg 231w, https://www.eylienkoenig.com/wp-content/uploads/2021/04/E.Koenig_Foto-Privat-768x998.jpg 768w, https://www.eylienkoenig.com/wp-content/uploads/2021/04/E.Koenig_Foto-Privat.jpg 1000w" sizes="(max-width: 211px) 100vw, 211px" /></figure>


<p><style type="text/css">
	<!-- @page { margin: 2cm } --><br />	</style></p>
<p><span style="font-family: Calibri Light, sans-serif;"><span style="font-size: medium;">Eylien König </span></span><span style="font-family: Calibri Light, sans-serif;"><span style="font-size: medium;">lebt und arbeitet in Hamburg. </span></span><span style="font-family: Calibri Light, sans-serif;"><span style="font-size: medium;">Bis 2013 studierte sie Bühnenraum bei Prof. Raimund Bauer an der Hochschule für bildende Künste in Hamburg sowie 2010 an der University of Arts in London. Bereits während ihres Studiums assistierte sie dem Bühnenbildner Wilfried Minks, von 2013 bis 2017 war sie festes, künstlerische Mitarbeiterin seines Teams. 2012 erhielt Eylien König das Abschlussstipendium der Karl H. Ditze Stiftung und eine Einladung zum Workshop des zeitgenössisch, dokumentarischen Theaters am Sakharov-Center und am Beuys-Theater in Moskau. </span></span></p>
<p align="JUSTIFY"><span style="font-family: Calibri Light, sans-serif;"><span style="font-size: medium;">Als freischaffende Bühnenbildnerin realisierte sie Bühnenräume unter anderem am Burgtheater Wien, Staatstheater Mainz, in Heidelberg und Lübeck, am Maxim Gorki und Thalia Theater. In kontinuierlicher Zusammenarbeit mit Kommando Himmelfahrt entstanden Bühnenbilder und Installationen auf Kampnagel und am Nationaltheater Mannheim. 2019 war sie Stipendiatin, des Internationales Forum am Theatertreffen Berlin. </span></span></p>
<p align="JUSTIFY"><span style="font-family: Calibri Light, sans-serif;"><span style="font-size: medium;">Darüber hinaus war Eylien König 2012/2013 an der Biennale Regard Benin Westafrika und der 11. Sharjah Biennale mit dem Langzeitprojekt </span></span><em class="western"><span style="font-family: Calibri Light, sans-serif;"><span style="font-size: medium;">&lt;enframing home&gt;</span></span></em><span style="font-family: Calibri Light, sans-serif;"><span style="font-size: medium;"> von YOVO!YOVO! &#8211; sowie der 5. Marrakech Biennale 2014 mit der Performance </span></span><em class="western"><span style="font-family: Calibri Light, sans-serif;"><span style="font-size: medium;">CGI &#8211; The Coffee Grounds Index</span></span></em><span style="font-family: Calibri Light, sans-serif;"><span style="font-size: medium;"> beteiligt. </span></span></p>
<p align="JUSTIFY"><span style="font-family: Calibri Light, sans-serif;"><span style="font-size: medium;">2015 zeichnete sie als Mitbegründerin von POOL für die Konzeption eines temporären Ausstellungsraums verantwortlich. 2017 realisierte sie in Hamburg </span></span><em class="western"><span style="font-family: Calibri Light, sans-serif;"><span style="font-size: medium;">XO‘DO-ALLÔKAN-NÙ –</span></span></em><em class="western"><span style="font-family: Calibri Light, sans-serif;"><span style="font-size: medium;"> Das Wort am Ende des Hörers</span></span></em><span style="font-family: Calibri Light, sans-serif;"><span style="font-size: medium;">,</span></span><span style="font-family: Calibri Light, sans-serif;"><span style="font-size: medium;"> ein Live-Hörspiel zwischen Benin und Deutschland über das Geschichtenerzählen als kritische künstlerische Praxis.</span></span></p>
<hr />
<p>Kontakt:  eylienkoenig(at)gmx.de</p>
<hr />

<p>Eylien König lebt und arbeitet in Hamburg. Bis 2013 studierte sie Bühnenraum bei Prof. Raimund Bauer an der Hochschule für bildende Künste in Hamburg sowie 2010 an der University of Arts in London. Bereits während ihres Studiums assistierte sie dem Bühnenbildner Wilfried Minks, von 2013 bis 2017 war sie festes, künstlerische Mitarbeiterin seines Teams. 2012 &hellip; <a href="https://www.eylienkoenig.com/?page_id=93" class="more-link"><span class="screen-reader-text">VITA</span> weiterlesen</a></p>
